In base 14, what is 1 - -49?
4a
In base 15, what is 5 + -19?
-14
In base 11, what is 53a0 - 1?
539a
In base 10, what is 23 + 553?
576
In base 9, what is 346 + 0?
346
In base 3, what is 11201020 - -2?
11201022
In base 4, what is 3 + -20230?
-20221
In base 3, what is 201100221 + -2?
201100212
In base 4, what is -10 + 23113?
23103
In base 3, what is 2011 + 1012?
10100
In base 11, what is 7 - -22a?
236
In base 10, what is 1857 - -3?
1860
In base 15, what is -1 + 1290?
128e
In base 6, what is 1244 + -11?
1233
In base 9, what is -5 - 623?
-628
In base 4, what is -1010101 - 1?
-1010102
In base 3, what is -11 + 22000?
21212
In base 3, what is -2 + 110111112?
110111110
In base 12, what is -7a - 1?
-7b
In base 9, what is 533 + 5?
538
In base 5, what is -12 + -3441?
-4003
In base 13, what is 93 + -37?
59
In base 13, what is -4900 - -1?
-48cc
In base 7, what is -33 + -2060?
-2123
In base 3, what is -21010 + 101?
-20202
In base 6, what is -1222 - -3?
-1215
In base 9, what is -553 - 12?
-565
In base 4, what is -10 - 1013322?
-1013332
In base 9, what is 47 + -15?
32
In base 13, what is -b - 3a8?
-3b6
In base 7, what is -2 + -2110?
-2112
In base 12, what is -80 - 4?
-84
In base 6, what is -342 - 0?
-342
In base 14, what is 4d7 - b?
4ca
In base 6, what is -1113 + 3?
-1110
In base 6, what is 10 - -1040?
1050
In base 4, what is -30010 - 12?
-30022
In base 11, what is -2 + -41?
-43
In base 9, what is -81 - 23?
-114
In base 11, what is -3 + 10?
8
In base 11, what is 3a + 68?
a7
In base 13, what is -c5 - 12?
-107
In base 9, what is -16 + 231?
214
In base 16, what is -a - 17?
-21
In base 8, what is -21 + -6?
-27
In base 9, what is 31 - -40?
71
In base 8, what is -111 - 1?
-112
In base 8, what is -3572 - 2?
-3574
In base 4, what is 112301 + 2?
112303
In base 9, what is -2 + -157?
-160
In base 14, what is -88 - 1?
-89
In base 15, what is 1 + -155?
-154
In base 8, what is -3 + -47?
-52
In base 10, what is -997 - -3?
-994
In base 16, what is -6a62 + 0?
-6a62
In base 5, what is 2 + 3?
10
In base 10, what is -296 + -5?
-301
In base 11, what is 1 + -254?
-253
In base 15, what is -1a - -8c?
72
In base 4, what is 13 - 311?
-232
In base 9, what is -31050 - 4?
-31054
In base 13, what is 96 - -8?
a1
In base 14, what is -4 + c?
8
In base 14, what is -280b + 3?
-2808
In base 2, what is 110110111 - 10?
110110101
In base 10, what is -25 - 280?
-305
In base 4, what is 232 + -1022?
-130
In base 11, what is 5 - 318?
-313
In base 14, what is -bc5 - c?
-bd3
In base 2, what is -1000000110 + -100?
-1000001010
In base 13, what is 3b + 1b?
59
In base 9, what is 3 + -364?
-361
In base 14, what is 1 + 86?
87
In base 15, what is 1be3 - -4?
1be7
In base 5, what is 330102 + 4?
330111
In base 16, what is 4f + 1?
50
In base 2, what is -11 - 1111010?
-1111101
In base 2, what is 101 + 10111011?
11000000
In base 11, what is -18 + 58?
40
In base 4, what is 11 - 212033?
-212022
In base 11, what is 22 - 9?
14
In base 12, what is 525 + 0?
525
In base 7, what is 2436 - 6?
2430
In base 4, what is -123123 + -2?
-123131
In base 15, what is 380c - 2?
380a
In base 2, what is -1010111000001 + -10?
-1010111000011
In base 11, what is -920 + 1?
-91a
In base 9, what is 573 - 4?
568
In base 7, what is -26 - -5?
-21
In base 4, what is 10333020 - 11?
10333003
In base 10, what is -1320 - 3?
-1323
In base 2, what is -100001 + 1110111110?
1110011101
In base 2, what is 100 + -1001001000100?
-1001001000000
In base 13, what is -3005 - -4?
-3001
In base 3, what is 1 + -101002?
-101001
In base 10, what is -2 + -2270?
-2272
In base 9, what is -3 - -2111?
2107
In base 5, what is 142 + 301?
443
In base 4, what is 21 - -12331?
13012
In base 7, what is 4 - 33232?
-33225
In base 10, what is -23 - -5?
-18
In base 7, what is 5 + -3142?
-3134
In base 6, what is 320 + -40?
240
In base 8, what is 5 - 205?
-200
In base 11, what is 224 + -3?
221
In base 10, what is -3198 - 2?
-3200
In base 12, what is 800 + -2?
7ba
In base 2, what is 1001100100011 - 1?
1001100100010
In base 4, what is -1100 + 22?
-1012
In base 8, what is 22 - 64?
-42
In base 10, what is -3 + -37?
-40
In base 12, what is 1 + -283?
-282
In base 4, what is -33202 - 1?
-33203
In base 9, what is 0 + -64?
-64
In base 6, what is 1 - 11434?
-11433
In base 9, what is 0 + -75?
-75
In base 5, what is 0 - 210?
-210
In base 10, what is 3 + -280?
-277
In base 12, what is 4 - -1a?
22
In base 14, what is -11 + 19?
8
In base 10, what is 618 + 48?
666
In base 2, what is -11001 + -10010?
-101011
In base 8, what is 1337 + 4?
1343
In base 7, what is 0 + 4004?
4004
In base 9, what is -61 - 218?
-280
In base 9, what is -3 - -6?
3
In base 12, what is 0 + 395?
395
In base 16, what is -185 + 3?
-182
In base 9, what is -81 - 0?
-81
In base 15, what is 34 - 2?
32
In base 5, what is 200 + -14?
131
In base 7, what is -126 + 42?
-54
In base 8, what is 10 - 33?
-23
In base 7, what is -12 - 5?
-20
In base 10, what is 126 - 115?
11
In base 16, what is 23 + -36?
-13
In base 6, what is -22 + -32?
-54
In base 13, what is -1 + -45?
-46
In base 5, what is -33 + 13?
-20
In base 10, what is 14 + 21?
35
In base 3, what is -1020 - 20?
-1110
In base 8, what is -3 - -1446?
1443
In base 4, what is 332222 - 10?
332212
In base 7, what is 55 - -123?
211
In base 12, what is 2 + -57?
-55
In base 13, what is -4 + -233?
-237
In base 6, what is 4 + -205?
-201
In base 2, what is -111001001 - 10?
-111001011
In base 14, what is 5 + 28?
2d
In base 8, what is 3 + -104?
-101
In base 13, what is -949 - 0?
-949
In base 15, what is -33 - -d?
-25
In base 15, what is -4 - 3?
-7
In base 9, what is -36 + -12?
-48
In base 4, what is -13 - 113?
-132
In base 5, what is -4413 - -2?
-4411
In base 7, what is -4 - -23?
16
In base 14, what is -1 + 162?
161
In base 8, what is 7 - 570?
-561
In base 9, what is -2 - -3017?
3015
In base 9, what is 0 - -3852?
3852
In base 16, what is 19 + -2?
17
In base 2, what is -11001 - -10011000?
1111111
In base 5, what is 2231 - -120?
2401
In base 7, what is 3 - -2016?
2022
In base 14, what is -6dd1 - 2?
-6dd3
In base 13, what is 17c + -18?
164
In base 8, what is 11 + 7?
20
In base 2, what is 11001 + -1010?
1111
In base 6, what is -10 - -1254?
1244
In base 4, what is -23230 - 3?
-23233
In base 12, what is -67a0 - -5?
-6797
In base 9, what is 2 - 160?
-157
In base 12, what is 955 - 4?
951
In base 15, what is -6 - -11?
a
In base 9, what is -6 + 135?
128
In base 7, what is -143 + -1?
-144
In base 6, what is -32551 - -3?
-32544
In base 11, what is 121 - -11?
132
In base 2, what is -1011001 - -10011011?
1000010
In base 12, what is 2 - -11?
13
In base 2, what is -110 - 1111010?
-10000000
In base 16, what is -11 + 75?
64
In base 14, what is -5 + -10?
-15
In base 2, what is 10 + 10010?
10100
In base 2, what is 10100010101 + 100?
10100011001
In base 10, what is -2 - -3093?
3091
In base 13, what is -27 + 8?
-1c
In base 12, what is -3 - 3b?
-42
In base 12, what is -1222 + 6?
-1218
In base 7, what is -214 + 204?
-10
In base 7, what is -4124 - 2?
-4126
In base 2, what is 111110010 - 0?
111110010
In base 5, what is 1203 - 2?
1201
In base 6, what is 14 + 1440?
1454
In base 5, what is 4 + -1212?
-1203
In base 7, what is 3 + -235?
-232
In base 8, what is -4 + -1251?
-1255
In base 8, what is -4 + -77?
-103
In base 14, what is 2d + -3?
2a
In base 4, what is 2 + 112?
120
In base 10, what is -22 - -2?
-20
In base 5, what is -1212 + -10?
-1222
In base 16, what is -16 + -5?
-1b
In base 3, what is 1022 - 10?
1012
In base 10, what is -151 - 32?
-183
In base 6, what is 5 - -131?
140
In base 13, what is 9c51 + 1?
9c52
In base 4, what is 13 + -102?
-23
In base 2, what is -100101010 + 101101?
-11111101
In base 9, what is -1 + -6633?
-6634
In base 9, what is -4 - 226?
-231
In base 2, what is -101110 + 10?
-101100
In base 8, what is -2 + -3?
-5
In base 15, what is -4 + ec?
e8
In base 9, what is -452 + 2?
-450
In base 16, what is -6b + 5?
-66
In base 15, what is 2 + 1caa?
1cac
In base 11, what is 239 - -1?
23a
In base 15, what is 6 - -14c?
153
In base 8, what is -47 - -14?
-33
In base 11, what is -7 + -53?
-5a
In base 3, what is -1011 - 20?
-1101
In base 8, what is -54 - -1?
-53
In base 15, what is -40 + 20?
-20
In base 12, what is -4 + 62a?
626
In base 5, what is -202 - 1103?
-1310
In base 6, what is 0 + -3353?
-3353
In base 8, what is 12